{"id":69,"date":"2016-06-09T15:02:14","date_gmt":"2016-06-09T15:02:14","guid":{"rendered":"http:\/\/158.109.8.43\/infoesposalles\/?page_id=69"},"modified":"2025-09-22T09:14:42","modified_gmt":"2025-09-22T07:14:42","slug":"news","status":"publish","type":"page","link":"http:\/\/dag.cvc.uab.es\/infoesposalles\/news\/","title":{"rendered":"News"},"content":{"rendered":"<ul class=\"wp-block-latest-posts__list has-dates wp-block-latest-posts\"><li><a class=\"wp-block-latest-posts__post-title\" href=\"http:\/\/dag.cvc.uab.es\/infoesposalles\/2014\/06\/25\/european-population-conference-epc\/\">European Population Conference (EPC)<\/a><time datetime=\"2014-06-25T15:05:18+02:00\" class=\"wp-block-latest-posts__post-date\">25 de juny de 2014<\/time><div class=\"wp-block-latest-posts__post-excerpt\">European Population Conference (EPC) Budapest 25-28 June, 2014 http:\/\/www.epc2014.hu\/<\/div><\/li>\n<li><a class=\"wp-block-latest-posts__post-title\" href=\"http:\/\/dag.cvc.uab.es\/infoesposalles\/2014\/04\/23\/tenth-european-social-science-history-esshc\/\">Tenth European Social Science History (ESSHC)<\/a><time datetime=\"2014-04-23T15:05:45+02:00\" class=\"wp-block-latest-posts__post-date\">23 d&#8217;abril de 2014<\/time><div class=\"wp-block-latest-posts__post-excerpt\">Tenth European Social Science History (ESSHC) Vienna 23-26 April, 2014 https:\/\/esshc.socialhistory.org\/esshc-vienna-2014<\/div><\/li>\n<li><a class=\"wp-block-latest-posts__post-title\" href=\"http:\/\/dag.cvc.uab.es\/infoesposalles\/2014\/02\/27\/ara-5cofm-project\/\">ARA  5CofM project<\/a><time datetime=\"2014-02-27T15:07:12+01:00\" class=\"wp-block-latest-posts__post-date\">27 de febrer de 2014<\/time><div class=\"wp-block-latest-posts__post-excerpt\">The Catalan journal \u201cARA\u201d has published a new concerning the 5CofM project. In that new they focus in the algorithms that are used in the <a class=\"mh-excerpt-more\" href=\"http:\/\/dag.cvc.uab.es\/infoesposalles\/2014\/02\/27\/ara-5cofm-project\/\" title=\"ARA  5CofM project\">[&#8230;]<\/a><\/div><\/li>\n<li><a class=\"wp-block-latest-posts__post-title\" href=\"http:\/\/dag.cvc.uab.es\/infoesposalles\/2014\/02\/19\/workshop-population-reconstruction\/\">Workshop \u2018Population Reconstruction<\/a><time datetime=\"2014-02-19T15:06:36+01:00\" class=\"wp-block-latest-posts__post-date\">19 de febrer de 2014<\/time><div class=\"wp-block-latest-posts__post-excerpt\">\u201cReconstructing lifespans using historical marriage records of Catalonia from the 16th and 17th centuries\u201d \u201cWorkshop \u2018Population Reconstruction\u2019 International Institute of Social History (IISH) Utrecht, The <a class=\"mh-excerpt-more\" href=\"http:\/\/dag.cvc.uab.es\/infoesposalles\/2014\/02\/19\/workshop-population-reconstruction\/\" title=\"Workshop \u2018Population Reconstruction\">[&#8230;]<\/a><\/div><\/li>\n<li><a class=\"wp-block-latest-posts__post-title\" href=\"http:\/\/dag.cvc.uab.es\/infoesposalles\/2013\/11\/29\/seminar-quien-se-casa-con-quien-pasado-y-presente\/\">Seminar: \u00bfQui\u00e9n se casa con qui\u00e9n? Pasado y presente<\/a><time datetime=\"2013-11-29T15:03:05+01:00\" class=\"wp-block-latest-posts__post-date\">29 de novembre de 2013<\/time><div class=\"wp-block-latest-posts__post-excerpt\">16.01.2014 \u2013 17.01.2014 Seminar: \u00bfQui\u00e9n se casa con qui\u00e9n? Pasado y presente Organized by: Asociaci\u00f3n de Demograf\u00eda Hist\u00f3rica- ADEH Grup d\u2019Estudis de la Poblaci\u00f3 \u2013 <a class=\"mh-excerpt-more\" href=\"http:\/\/dag.cvc.uab.es\/infoesposalles\/2013\/11\/29\/seminar-quien-se-casa-con-quien-pasado-y-presente\/\" title=\"Seminar: \u00bfQui\u00e9n se casa con qui\u00e9n? Pasado y presente\">[&#8230;]<\/a><\/div><\/li>\n<\/ul>","protected":false},"excerpt":{"rendered":"<div class=\"mh-excerpt\"><\/div>","protected":false},"author":1,"featured_media":0,"parent":0,"menu_order":0,"comment_status":"closed","ping_status":"closed","template":"template-full.php","meta":{"footnotes":""},"class_list":["post-69","page","type-page","status-publish","hentry"],"_links":{"self":[{"href":"http:\/\/dag.cvc.uab.es\/infoesposalles\/wp-json\/wp\/v2\/pages\/69","targetHints":{"allow":["GET"]}}],"collection":[{"href":"http:\/\/dag.cvc.uab.es\/infoesposalles\/wp-json\/wp\/v2\/pages"}],"about":[{"href":"http:\/\/dag.cvc.uab.es\/infoesposalles\/wp-json\/wp\/v2\/types\/page"}],"author":[{"embeddable":true,"href":"http:\/\/dag.cvc.uab.es\/infoesposalles\/wp-json\/wp\/v2\/users\/1"}],"replies":[{"embeddable":true,"href":"http:\/\/dag.cvc.uab.es\/infoesposalles\/wp-json\/wp\/v2\/comments?post=69"}],"version-history":[{"count":1,"href":"http:\/\/dag.cvc.uab.es\/infoesposalles\/wp-json\/wp\/v2\/pages\/69\/revisions"}],"predecessor-version":[{"id":163,"href":"http:\/\/dag.cvc.uab.es\/infoesposalles\/wp-json\/wp\/v2\/pages\/69\/revisions\/163"}],"wp:attachment":[{"href":"http:\/\/dag.cvc.uab.es\/infoesposalles\/wp-json\/wp\/v2\/media?parent=69"}],"curies":[{"name":"wp","href":"https:\/\/api.w.org\/{rel}","templated":true}]}}